ulate the greatest common factor of t and 205.
41
Let t = -5411 + 5480. What is the greatest common divisor of 6969 and t?
69
Suppose -j + 701 = b, -4*b - 792*j + 793*j = -2849. What is the greatest common factor of 40 and b?
10
Let p(k) = 50*k + 117. Let u be p(-14). Let d = u - -967. What is the highest common divisor of 144 and d?
48
Let n = 3 - -27. Let a be (9/3*-1)/(3/(-116)). Suppose 6*o - a = -44. Calculate the greatest common factor of o and n.
6
Suppose 4*a = 2*p + 104, a + 44 = 3*a - 3*p. Let i be ((-155)/50 + (-9)/(-15))/((-14)/196). What is the highest common divisor of i and a?
7
Let z(c) = -2*c + 22 + 42 - 38*c - 3. Let h be z(-5). Calculate the greatest common divisor of h and 9.
9
Let w = -210 - -212. Suppose -w*p - 192 = -18*p. What is the highest common divisor of p and 348?
12
Suppose -3*u = 4*r - 474, -8*u + 4*u = 8. What is the highest common divisor of 276 and r?
12
Let x be (-45)/(-6)*(41 - 19). Suppose x = -13*u + 24*u. What is the greatest common factor of 465 and u?
15
Suppose -a - 4*a = -25. Let y(u) = u. Let p be y(a). Let j be (210/7)/10 - -7. What is the highest common factor of p and j?
5
Let b(f) = -4*f**2 - 28*f + 4. Let l be b(-7). Suppose -l*h = -1264 + 76. Calculate the highest common factor of h and 27.
27
Let o be 16/(-20)*(4 - -11). Let n(k) = -k**3 - 14*k**2 - 24*k - 5. Let r be n(o). Let q be -12*(2 - (-2 - r)). Calculate the highest common factor of q and 3.
3
Let c be ((-25)/30)/(2/(-12)). Let h be (2/c)/((-2)/(-150)). Suppose -10 = -27*m + 29*m, 2*m = -j + 5. What is the highest common factor of h and j?
15
Let n(y) = 14*y**3 - 6*y**2 + 12*y - 14. Let x be n(3). Suppose -x = -3*j - 154. Calculate the highest common factor of j and 4.
4
Suppose 5*c - 4 = 6*c. Let p be (c + -2)*(-1)/2. Suppose p*r - 60 = -k, -k + 5 + 45 = r. What is the greatest common factor of k and 30?
15
Suppose -2*j + 85 = -7. Suppose -4*u + g + 41 = 0, -g + 4*g + j = 5*u. Suppose -u*h + 2161 = -138. What is the greatest common factor of 19 and h?
19
Let t(p) = p**3 + 5*p**2 - 5*p + 22. Let b be t(5). Suppose 0 = 2*h - 4*n - 8 - 10, -2*h + 24 = -n. Calculate the greatest common factor of h and b.
13
Let s be ((-51)/33 - -1)/((-84)/616). What is the greatest common factor of s and 1468?
4
Let y(v) = 2*v**2 + 20*v + 28. Let m be y(-8). Let r be 3/(12/20) + m/(-1). What is the highest common factor of 261 and r?
9
Let v(u) = -u - 6. Let x be v(-6). Suppose 2*k = -x*k + 4. Let r = 58757 - 58755. What is the highest common factor of r and k?
2
Suppose -14617*l - 7770 = -14632*l. Calculate the greatest common factor of l and 3478.
74
Let v be (-3855)/(-160)*8 - 6/8. Calculate the greatest common divisor of 300 and v.
12
Let q be (-115 - -119)/(0 - -1). Suppose t - 40 = 76. What is the highest common divisor of t and q?
4
Let l = -10321 - -10587. Calculate the greatest common divisor of l and 190.
38
Suppose 0 = s + 2*k - 368, 5*k = 2*s - 5*s + 1104. Calculate the highest common divisor of 48 and s.
16
Let d = -21395 - -21656. Calculate the highest common divisor of d and 2088.
261
Suppose -534*n + 537*n = 5*z - 48, n = -z. Suppose -47 = -2*f - s + 67, 0 = 3*s. What is the highest common divisor of f and z?
3
Let h(b) = 710*b**3 - 2*b**2 + 24*b - 21. Let q be h(1). What is the highest common divisor of 9 and q?
9
Let u = -48 - -62. Suppose -2*i + 38 = u. Let r be (8 + 0)/(((-32)/i)/(-4)). Calculate the greatest common divisor of r and 108.
12
Let d = -74 - -78. Suppose 0 = 2*a - 2*b - 254, 503 = d*a + 2*b + 1. Suppose 5*c = a - 51. What is the greatest common divisor of 105 and c?
15
Let f(j) = -j**3 + 6*j**2 + 63. Let i be f(0). Suppose -4*r - r - 65 = -y, 0 = -y + 3*r + i. What is the greatest common divisor of y and 30?
30
Suppose -11*l + 10981 = -14715. What is the greatest common factor of l and 1022?
146
Let i(l) = l**3 - 3*l**2 - 6*l + 22. Let z be i(6). Suppose -4*r + z + 242 = 0. What is the greatest common factor of 24 and r?
12
Let f(b) = 7*b**2 + 40*b + 13. Let w be f(-17). What is the greatest common factor of w and 12?
12
Suppose 31*g = -50*g - 1141 + 14992. Calculate the highest common factor of 456 and g.
57
Let o = 110693 + -110690. Let s = -110 - -287. What is the highest common divisor of o and s?
3
Let b be -496*((-2)/(-2))/((-45)/180). Calculate the highest common divisor of b and 64.
64
Suppose -5*k = 3*l - 478, -12*l + 4*k + 772 = -7*l. Calculate the greatest common factor of l and 247.
13
Let j be (-2057)/(-7) + 96/84. Suppose 2*y = 7*y - 25. What is the highest common divisor of j and y?
5
Suppose -4*i - 5*t + 75 = 0, 0 = -4*i + 148*t - 151*t + 77. What is the highest common divisor of 50 and i?
10
Suppose 138*p = -1474 + 8015 + 15539. Let q = 61 - -3. Calculate the greatest common factor of q and p.
32
Let t be 4 - (3/1 + (-4 - -1)). Suppose t*i - 2*b - 3*b = 80, -4*i - 3*b = -112. Calculate the greatest common factor of i and 35.
5
Let w = 2772 + -2133. What is the highest common factor of w and 568?
71
Let u be (-206)/(-12) + (-12)/72. Suppose 4*z - 39 = -5*v - u, 0 = -4*z - 3*v + 18. What is the highest common divisor of z and 24?
3
Suppose -5*l + 110 = 10. Suppose 3*m - 795 = 3*h, 2*h = 3*m - 922 + 132. Calculate the greatest common divisor of m and l.
20
Let g(c) = 17*c**2 - 45*c - 94. Let p be g(-3). Calculate the highest common divisor of p and 2.
2
Let t(f) = 9*f**2 + 9*f + 8. Suppose 4*m + 17 - 13 = 2*i, -m = -4*i - 6. Let l be t(m). What is the highest common divisor of l and 299?
13
Suppose -m + 2448 = -5*j + 7365, -5*m = j - 999. Calculate the greatest common divisor of 1107 and j.
123
Let i be 4984/12*(-15)/10. Let y be i/(-63) - 3/(-27). Let n = 69 + -49. What is the highest common factor of n and y?
10
Suppose 339 = 4*o + 39. Suppose -2*k = -5*q + 143 - 18, -2*k - 50 = -2*q. What is the highest common factor of q and o?
25
Let j = 229 - 55. What is the highest common factor of 12528 and j?
174
Let u(t) = -t**3 + 12*t**2 - t - 3. Let a be u(9). Let i = 2862 - 2841. Calculate the highest common divisor of i and a.
21
Let x(b) = b + 38. Let o be x(-34). Suppose -o*f - 4*g = -372, -5*f - 3*g = -4*f - 95. What is the greatest common factor of f and 736?
92
Let s be ((-64)/12 - -6)/((-2)/3)*-7. Let m be 42*-1*6/(-4). Calculate the highest common divisor of s and m.
7
Suppose -138*l + 345*l = 2409480. What is the highest common factor of l and 10?
10
Let s = 568 - 563. Let a(u) = 8*u + 13. Let m be a(9). Suppose -q - s*b = 4*q - m, 2*q - 69 = 5*b. Calculate the greatest common factor of 22 and q.
22
Let r be ((-1525)/(-50) - 11)*(32/(-6))/(-4). What is the highest common divisor of r and 52?
26
Let a be (-5)/((-345)/(-60) + -6). What is the greatest common factor of 265 and a?
5
Let d be (2 - -5) + (7 - 467). Let j = d + 788. Calculate the greatest common factor of 5 and j.
5
Suppose -4*u = -5 + 41. Let t = u + 15. Suppose -9*i + 10*i = 24. What is the greatest common factor of i and t?
6
Let u be 45/(-18) + 30/4. Suppose -u*t + 110 = -4*h, 6*h = 4*t + 7*h - 67. Calculate the highest common divisor of 24 and t.
6
Suppose -4*f + s + 23 = 0, -5*f - 4*s + 2*s = -32. Let p be 1172/26 - ((-1957)/247 + 8). What is the highest common divisor of p and f?
3
Let d(u) = -u**3 - u**2 + 4*u. Let g be d(-3). Let q(y) = -3*y + 14. Let h be q(g). Let p = -2 - h. Calculate the highest common factor of 6 and p.
2
Let b(s) = -27*s**3 - 2*s**2 + 1. Let x be b(-1). Let y = 143 - 129. Suppose 630 = -y*n + 2086. Calculate the greatest common factor of x and n.
26
Let c = 631 - 634. Let t be 16086/35 + 1 + c/5. What is the greatest common factor of t and 40?
20
Suppose 3*g = 4*v + 172, 4*v + 4 - 12 = 0. Let h = g - 14. Let p = 3 + 20. Calculate the greatest common divisor of p and h.
23
Let h(d) = -2 + 712*d**2 - 33*d + 7 - 710*d**2. Let c be h(15). Let f be (-1 - 1*3/(-12))*c. Calculate the highest common divisor of 12 and f.
6
Let t = 49 - 49. Suppose t = 4*c - 0 - 0. Suppose -110 = -11*k - c*k. What is the greatest common divisor of k and 15?
5
Let y = 19 + -16. Suppose -l - 2 = y. Let i be (7/14)/(-2 - l/2). What is the highest common divisor of i and 2?
1
Let f(t) = 2*t**2 - 98*t + 361. Let m be f(4). Let l(g) = -2*g**2 - 17*g + 20. Let n be l(-9). What is the highest common divisor of n and m?
1
Suppose 10719 + 1601